{"id":53,"date":"2018-10-27T20:28:27","date_gmt":"2018-10-27T20:28:27","guid":{"rendered":"http:\/\/foerderverein-rosenweg.de\/?page_id=53"},"modified":"2018-10-28T18:48:37","modified_gmt":"2018-10-28T18:48:37","slug":"wie-sie-helfen-koennen","status":"publish","type":"page","link":"https:\/\/foerderverein-rosenweg.de\/?page_id=53","title":{"rendered":"Wie Sie helfen k\u00f6nnen"},"content":{"rendered":"<p>Die Geldmittel f\u00fcr die von uns unterst\u00fctzten Projekte stammen ausschlie\u00dflich aus Mitgliedsbeitr\u00e4gen, Spenden und Einnahmen aus unseren Aktionen.<\/p>\n<p><strong>Gemeinsam k\u00f6nnen wir viel bewegen<\/strong><\/p>\n<p>Wir freuen uns \u00fcber jede Unterst\u00fctzung!<\/p>\n<p>Unseren Aufnahmeantrag zum Download finden Sie\u00a0<a href=\"http:\/\/foerderverein-rosenweg.de\/wp-content\/uploads\/2018\/10\/Aufnahmeantrag.pdf\" target=\"_blank\" rel=\"noopener\">hier.<\/a><\/p>\n<h3>Bankverbindung<\/h3>\n<p><strong>Commerzbank<\/strong><br \/>\nIBAN: DE34 8604 0000 0538 0209 00<br \/>\nBIC: COBADEFFXXX<\/p>\n","protected":false},"excerpt":{"rendered":"<p>Die Geldmittel f\u00fcr die von uns unterst\u00fctzten Projekte stammen ausschlie\u00dflich aus Mitgliedsbeitr\u00e4gen, Spenden und Einnahmen aus unseren Aktionen. Gemeinsam k\u00f6nnen &hellip; <\/p>\n","protected":false},"author":1,"featured_media":0,"parent":0,"menu_order":3,"comment_status":"closed","ping_status":"closed","template":"","meta":{"jetpack_post_was_ever_published":false,"footnotes":""},"class_list":["post-53","page","type-page","status-publish","hentry"],"jetpack_sharing_enabled":true,"jetpack_shortlink":"https:\/\/wp.me\/Pap1pQ-R","_links":{"self":[{"href":"https:\/\/foerderverein-rosenweg.de\/index.php?rest_route=\/wp\/v2\/pages\/53","targetHints":{"allow":["GET"]}}],"collection":[{"href":"https:\/\/foerderverein-rosenweg.de\/index.php?rest_route=\/wp\/v2\/pages"}],"about":[{"href":"https:\/\/foerderverein-rosenweg.de\/index.php?rest_route=\/wp\/v2\/types\/page"}],"author":[{"embeddable":true,"href":"https:\/\/foerderverein-rosenweg.de\/index.php?rest_route=\/wp\/v2\/users\/1"}],"replies":[{"embeddable":true,"href":"https:\/\/foerderverein-rosenweg.de\/index.php?rest_route=%2Fwp%2Fv2%2Fcomments&post=53"}],"version-history":[{"count":0,"href":"https:\/\/foerderverein-rosenweg.de\/index.php?rest_route=\/wp\/v2\/pages\/53\/revisions"}],"wp:attachment":[{"href":"https:\/\/foerderverein-rosenweg.de\/index.php?rest_route=%2Fwp%2Fv2%2Fmedia&parent=53"}],"curies":[{"name":"wp","href":"https:\/\/api.w.org\/{rel}","templated":true}]}}